/2*(-312)/10. Suppose -k = -z - 36. Suppose -352 = -10*q + z. What is the tens digit of q?
9
Let c(g) = -g**2 - 11*g - 117. Let q be c(0). What is the hundreds digit of q/(-21) + -6 + (-1571)/(-7)?
2
Suppose -4*o + 70 = 238. What is the tens digit of 20/(-7)*147/o?
1
Let d be 166/(-2 - (1 + -5) - 0). Let g = d - 77. Suppose g*k + 58 = 298. What is the tens digit of k?
4
Suppose -4*z = -16, -5*t - z - 3*z + 406 = 0. Let y = t + -35. Let b = y + -17. What is the units digit of b?
6
Suppose -d + 10 = -2*r, -7*d + r - 1 = -8*d. Suppose 18 - 2 = d*q. Suppose -5*x + 2*n + 385 = 40, -q*n = -4*x + 264. What is the units digit of x?
1
Let v(f) = f**2 - 37*f + 608. What is the tens digit of v(19)?
6
Let s = 148 - 158. Let i(y) = -5*y - 40. What is the tens digit of i(s)?
1
What is the tens digit of (-4 + (2 - 0))/(2*12/(-58128))?
4
Let q be 1/(-3) - (232250/(-15))/(-5). Let z = q + 4516. What is the tens digit of z?
1
Let d = -291 - -437. Suppose d = -4*i + 974. What is the units digit of i?
7
Let f be 316 - ((-4)/2 + 2 - -5). Let x = 764 - f. What is the hundreds digit of x?
4
Let c(r) = r**3 + 30*r**2 - 181*r + 74. What is the thousands digit of c(-32)?
3
Suppose -4*u = -2*n + 8 + 4, -2*n - 5*u = 6. Suppose 4*d + 268 = n*m, 4*m + d - 101 = 399. What is the hundreds digit of m?
1
Suppose 6*n = -2*y + 2*n - 52, -2*y = 3*n + 53. Let r be (1 + -2)/(-1)*(-112)/y. Suppose -5*l = r*v - 479, 5*v = l + 3*v - 107. What is the tens digit of l?
9
Suppose -112*y + 113*y + 299 = 0. Let s = 570 + y. What is the units digit of s?
1
Let v be (24 - 26)/(1/(-2)). Suppose -5*j + 2*t + 148 = -42, 2*j - 52 = -v*t. What is the tens digit of j?
3
Suppose 16005 = 227*h - 224*h - 2*x, -2*x = h - 5343. What is the units digit of h?
7
Let f(r) = r**3 + 16*r**2 + 16*r + 17. Let h be f(-15). Suppose h*y = -y + 231. Suppose 0 = -q + 21 + y. What is the units digit of q?
8
Suppose 8*j = -4*j - 3096. Let a = j - -308. What is the tens digit of a?
5
What is the tens digit of 13542/(-185)*562/(-6) - 4/10?
5
Let i(b) = 108*b**2 - 9*b + 47. What is the tens digit of i(4)?
3
Let g(j) = -8*j - 48. Let p be g(-6). Suppose p*q - 2*a = 3*q + 746, 5*q + 1254 = 2*a. Let u = q + 372. What is the tens digit of u?
2
Let s = -30 - -89. Suppose 9*z + 4*m - 219 = 4*z, -z + 3*m = -s. Suppose -g = t + z - 291, t - 3*g = 260. What is the hundreds digit of t?
2
What is the tens digit of (-28155 - -1 - (1 - 13))*-1?
4
Let g be -5 + (672/18 - 2/(-3)). Suppose 18*j - g*j = -7410. What is the hundreds digit of j?
4
Let w(o) = -2*o**3 - 2*o**2 + 2*o + 3. Let v be w(-1). Let t(f) = -v + 0*f**3 - f + f**3 - 3*f**2 + 19 + 5*f**2. What is the units digit of t(0)?
8
Let w(t) = 7*t**2 - 7*t - 16. Let a(q) = -q**2 + 1. Let b(d) = -6*a(d) - w(d). Suppose -3*f - 3*c + 18 = 0, 3*f - 12 = 5*c + 6. What is the units digit of b(f)?
6
Let n = 63 + -64. Let q be (-150)/n + (-1 - 0)*3. Suppose 0 = 3*v + q - 513. What is the tens digit of v?
2
Let h = -10 + 55. Let r be h/(-2) - (-23)/(-46). Let j = r - -188. What is the tens digit of j?
6
Suppose 16 = 5*k + 16. Let n(p) = -p**2 - 9*p + 10. Let r(h) = h**2 + 8*h - 11. Let j(d) = -6*n(d) - 7*r(d). What is the units digit of j(k)?
7
Let y(p) = -3*p. Let u be y(-1). Let l(w) = w**3 - 23*w**2 - 22*w + 2. Let n be l(-1). Suppose -10 = u*s + 2*s, -a - 5*s + 228 = n. What is the tens digit of a?
3
Let u(s) = 10*s**2 + 29*s - 173. Let j be u(8). Let f = j + -698. What is the units digit of f?
1
Let v(k) = -10*k**3. Let f be v(-1). Suppose f*g + g = -g. Suppose 291 = 3*b - 3*x, -2*b = -g*b - 5*x - 197. What is the tens digit of b?
9
Let t be (2 - 1) + 4/4. Suppose -3*s + 818 = -2*m, 0*s + 532 = 2*s + t*m. Suppose -4*v - 187 = o - 4*o, 4*o - s = -5*v. What is the units digit of o?
5
Suppose v + 12377 = 3*p + 6*v, 2*p + 14*v = 8198. What is the thousands digit of p?
4
Let v = 2849 + 12655. What is the units digit of v?
4
Suppose 0 = -3*k + 2*j + 245, 2*k - 212 = j - 50. Let q = k + -53. Suppose -2*m = r - 32 - 0, q = r - 4*m. What is the units digit of r?
0
Let f(q) = 587*q**3 + 1. Let m be ((-3)/(-6))/(1/2). Let h be f(m). Suppose 5*o + 5*t - 2 = h, -o + 118 = 5*t. What is the tens digit of o?
1
Let w(b) = 27*b + 60. Let h be w(4). Suppose -9*s + 2454 = h. What is the hundreds digit of s?
2
Let r = 27285 - 14051. What is the hundreds digit of r?
2
Suppose 10 = 21*k - 19*k. Suppose -k*o + 5831 = -6*q, 3521 = 6*o - 3*o + 2*q. What is the hundreds digit of o?
1
Let d(r) be the third derivative of 5/6*r**4 + 0*r - 1/3*r**3 + 12*r**2 + 0. What is the units digit of d(5)?
8
Let v(c) = c + 51. Let o(g) = g + 25. Let m(r) = -5*o(r) + 2*v(r). Let q be m(-10). Suppose 0 = -q*f + 758 - 149. What is the units digit of f?
7
Let y be 4*3/(84/6461). Let b = 2317 - y. What is the units digit of b?
4
Suppose 0*z - 4968 = -9*z. What is the units digit of z?
2
Let i(d) = 7*d**2 - 39*d - 40. Let z be i(19). Suppose -5*j = -2*x + 548 - 2708, 4*j + 2*x = z. What is the tens digit of j?
3
Suppose -7*w - 45387 + 315881 = 0. What is the thousands digit of w?
8
Let b(m) = -m**3 + m**2 + m + 119. Let y(w) = -12*w**3 + w. Let t be y(1). Let h(j) = j**2 + 11*j. Let n be h(t). What is the units digit of b(n)?
9
Suppose 681*d + 205 = 682*d. Suppose 0 = -x + d - 58. What is the tens digit of x?
4
Let g(x) be the third derivative of 0*x + 1/3*x**4 + 17/6*x**3 + 0 + 14*x**2 + 1/20*x**5. What is the tens digit of g(-8)?
4
Let i = 18 + -18. Let u be -1 - -2 - (i - 1). Let h = u + 16. What is the tens digit of h?
1
Let z(l) = 81*l**2 + 8*l - 51. What is the thousands digit of z(-8)?
5
What is the units digit of (-1697)/(10/((-300)/(-9)) + (-12)/15)?
4
Suppose -2*g + t = -0*g - 29508, -5*g = 4*t - 73770. What is the tens digit of g?
5
Suppose 9 = -4*m + 25. Suppose -4*f = -4*c - 568, m*f + 8*c - 569 = 13*c. What is the tens digit of f?
4
Suppose -3*v = -2*h + 61737, -61730 = -19*h + 17*h + 4*v. What is the tens digit of h?
7
Let x = -672 - -264. What is the tens digit of 68/x + 1003/6?
6
What is the tens digit of (72/(-15))/(9 - 6717194/746350)?
2
Suppose -3*z + 74*b = 78*b - 359, z + 3*b = 118. Let k = 103 + z. What is the tens digit of k?
2
Let y(z) = 161*z**3 + 20*z**2 + 52*z - 277. What is the tens digit of y(5)?
0
Suppose 4*j + 43000 = 4*b + 8*j, -4*j = -4*b + 42984. What is the units digit of b?
8
Let u = 58397 + -16280. What is the hundreds digit of u?
1
Suppose 161*r = 3*i + 158*r - 94053, -5*r + 94101 = 3*i. What is the units digit of i?
7
Let i(q) = -3*q - 63. Let r be i(-21). Suppose 0 = -11*t + 16*t + 5, r = -4*j - 5*t + 615. What is the tens digit of j?
5
Let o = 275 + -272. Suppose -o*v + 0*t = -t - 1915, 5*t = v - 615. What is the hundreds digit of v?
6
Let g be 209/4 - (-2)/(-8). Suppose -3*c + 6 = -3*q, 8 = 2*c + c - 4*q. What is the units digit of g - -1 - (c - 4)?
7
Suppose 319985 + 550495 = 212*x - 77*x. What is the units digit of x?
8
Let o(y) = -y**3 - 4*y**2 + y + 6. Let m be o(-3). What is the tens digit of (-23)/((-92)/3936) - m?
9
Let f = 245 - 58. Let u = f + 325. What is the tens digit of u?
1
Let b be (-1 - -2) + -14 + -1. Let t(p) be the second derivative of -2*p**3 + 9*p**2/2 + 165*p. What is the tens digit of t(b)?
7
Let v be 222 + -5*-6*(-2)/30. Let t = v - -109. What is the hundreds digit of t?
3
Suppose -75*p + 3496 = -29*p. What is the tens digit of ((p/(-6))/(-1))/(2/258)?
3
Let m = -45 + 60. Let l = m - -13. What is the tens digit of (-1)/4 + 2051/l?
7
Let d(q) = 40784*q - 131. What is the ten thousands digit of d(1)?
4
Let f = -199 - -285. Let t = f - 94. What is the units digit of 2211/15 + t/20?
7
Let j(h) = 4083*h + 831. What is the hundreds digit of j(3)?
0
Let v(d) = -17*d + 11. Let z be v(5). Let r = z + 123. Suppose -a = -44 - r. What is the units digit of a?
3
Let f be (-9)/(-27)*(-1 - -3445). What is the thousands digit of f - (3 + (-2 - 0)*-1)?
1
Let g = -423 - -950. Let h = g - 253. What is the units digit of h?
4
Let w(r) = -3*r + 9. Let z be w(0). Suppose u - z = -2*a, -2*u + 10 = -0*a - 4*a. Suppose -u*x + 88 = -6*x. What is the tens digit of x?
8
Let n = 21224 + -15572. What is the hundreds digit of n?
6
Let m be (9/27)/((-2)/12). What is the tens digit of 140/(m/(-4 + 0))?
8
Let x(p) = 55*p - 14. Let w(j) = -108*j + 28. Let b(v) = 2*w(v) + 5*x(v). What is the hund